d 325164?
948
Calculate the highest common factor of 460 and 2269180.
460
Calculate the highest common divisor of 9 and 153369.
9
Calculate the greatest common factor of 252 and 133074.
18
Calculate the greatest common factor of 272973 and 1767.
57
Calculate the highest common divisor of 2341354 and 2116.
1058
What is the greatest common divisor of 87 and 191574?
87
What is the greatest common divisor of 583 and 1563606?
583
What is the highest common divisor of 86 and 11782?
86
Calculate the greatest common divisor of 422119 and 92.
23
What is the greatest common divisor of 72 and 110646?
18
What is the highest common factor of 5184 and 378?
54
What is the highest common divisor of 917397 and 117?
117
What is the highest common divisor of 637105 and 2180?
545
Calculate the greatest common factor of 15878 and 153.
17
Calculate the highest common factor of 5564 and 468.
52
Calculate the greatest common factor of 11241 and 11799.
9
What is the greatest common divisor of 135 and 1421172?
27
What is the highest common divisor of 25586 and 198?
22
Calculate the highest common factor of 604 and 621214.
302
What is the highest common divisor of 208 and 306540?
52
Calculate the highest common divisor of 110388 and 48.
12
Calculate the highest common divisor of 774 and 9297.
9
What is the greatest common factor of 1374 and 4953957?
687
Calculate the highest common factor of 2136 and 882.
6
Calculate the greatest common divisor of 12159 and 42.
21
Calculate the greatest common divisor of 114871 and 37801.
367
Calculate the greatest common divisor of 442 and 685178.
26
What is the highest common divisor of 46726 and 392958?
766
Calculate the highest common divisor of 85271 and 497.
71
Calculate the highest common factor of 2394947 and 334.
167
What is the highest common divisor of 102156 and 6?
6
What is the greatest common factor of 430 and 541370?
430
What is the greatest common divisor of 26023 and 477?
53
Calculate the highest common factor of 227 and 3201835.
227
Calculate the highest common divisor of 25135 and 5.
5
What is the greatest common factor of 112 and 334096?
112
Calculate the highest common divisor of 107 and 52.
1
Calculate the highest common factor of 24622 and 10.
2
Calculate the greatest common factor of 395 and 1040.
5
Calculate the highest common factor of 46240 and 8959.
289
What is the greatest common factor of 9 and 219177?
9
Calculate the greatest common factor of 28 and 90608.
28
What is the greatest common divisor of 36 and 14139?
9
Calculate the greatest common factor of 105923 and 219.
73
Calculate the highest common factor of 8109 and 8.
1
Calculate the greatest common factor of 11362 and 41990.
494
Calculate the highest common divisor of 45 and 497415.
15
What is the highest common divisor of 24 and 39344?
8
What is the greatest common divisor of 7455 and 60?
15
Calculate the highest common divisor of 13 and 288977.
13
What is the greatest common factor of 6 and 3326?
2
What is the highest common divisor of 37750 and 17750?
250
Calculate the highest common factor of 3016780 and 410.
410
What is the greatest common factor of 192 and 694640?
16
Calculate the highest common factor of 405 and 132597.
81
What is the highest common divisor of 945 and 25263?
63
Calculate the greatest common divisor of 54243 and 98.
49
Calculate the greatest common divisor of 38900 and 26063.
389
What is the greatest common divisor of 25694 and 13369?
29
What is the highest common divisor of 66470 and 10810?
230
What is the greatest common divisor of 61564 and 8?
4
Calculate the greatest common factor of 1602 and 282486.
534
What is the highest common factor of 4064 and 10922?
254
Calculate the greatest common divisor of 654 and 458454.
654
Calculate the greatest common factor of 4845945 and 195.
195
What is the highest common divisor of 195 and 286845?
195
What is the highest common factor of 126 and 96?
6
Calculate the greatest common factor of 20 and 160340.
20
What is the highest common factor of 41 and 992?
1
What is the highest common divisor of 664 and 37682?
166
Calculate the highest common factor of 56 and 6356.
28
What is the highest common factor of 106389 and 15?
3
Calculate the greatest common divisor of 340 and 604.
4
Calculate the highest common divisor of 144 and 1822131.
9
What is the greatest common factor of 16856 and 72?
8
Calculate the greatest common factor of 300760 and 14935.
515
What is the greatest common divisor of 7 and 4070129?
7
What is the greatest common divisor of 616 and 557942?
154
Calculate the greatest common factor of 18518930 and 710.
710
What is the greatest common divisor of 8843 and 37?
37
What is the highest common divisor of 25899 and 23571?
291
Calculate the highest common factor of 803 and 6012061.
803
Calculate the greatest common factor of 422 and 97693.
211
What is the highest common factor of 42 and 629776?
14
Calculate the highest common divisor of 102340 and 935.
85
Calculate the greatest common factor of 467804 and 428.
428
Calculate the greatest common factor of 55683 and 538.
269
What is the highest common factor of 313072 and 544?
272
Calculate the greatest common divisor of 2756 and 23956.
212
Calculate the greatest common divisor of 762391 and 147.
49
Calculate the greatest common factor of 36612 and 1019712.
1356
Calculate the greatest common divisor of 73208 and 88.
8
What is the highest common factor of 54613 and 13?
13
Calculate the greatest common divisor of 30485 and 910.
455
Calculate the highest common divisor of 20659 and 292.
73
What is the greatest common divisor of 785064 and 336?
168
What is the highest common divisor of 30970 and 4075?
815
Calculate the greatest common factor of 69132 and 1428.
84
Calculate the highest common divisor of 935 and 1265.
55
What is the highest common factor of 64100 and 250?
50
What is the greatest common factor of 460 and 80160?
20
What is the greatest common factor of 11058 and 13642?
38
What is the greatest common divisor of 793518 and 22?
22
Calculate the highest common divisor of 231 and 572946.
33
Calculate the highest common factor of 48 and 237264.
48
What is the highest common divisor of 11132 and 2112?
44
Calculate the highest common factor of 14885 and 2.
1
What is the highest common divisor of 319130 and 705?
235
Calculate the highest common factor of 81126 and 18.
18
What is the greatest common divisor of 116487 and 14?
7
Calculate the greatest common divisor of 4347 and 39879.
189
Calculate the greatest common factor of 139299 and 19824.
177
What is the greatest common divisor of 2 and 53426?
2
What is the greatest common factor of 1614684 and 12?
12
What is the highest common factor of 536 and 141772?
268
Calculate the highest common divisor of 2413234 and 292.
146
What is the greatest common factor of 4249 and 115937?
607
Calculate the greatest common factor of 8151 and 24167.
143
Calculate the greatest common divisor of 944 and 3632.
16
Calculate the greatest common factor of 128 and 25184.
32
What is the greatest common factor of 47575 and 25?
25
Calculate the greatest common factor of 582570 and 90.
90
What is the highest common divisor of 728 and 4335604?
364
What is the highest common divisor of 24 and 20216?
8
What is the highest common factor of 129228 and 228?
12
What is the highest common divisor of 614109 and 3?
3
What is the highest common factor of 627341 and 143?
143
What is the highest common divisor of 1113 and 58317?
21
Calculate the highest common factor of 13169 and 2886.
13
Calculate the highest common factor of 365277 and 15.
3
Calculate the greatest common divisor of 708 and 540.
12
What is the greatest common divisor of 297 and 216876?
33
Calculate the highest common factor of 46269 and 4656.
291
What is the greatest common divisor of 11648 and 10?
2
Calculate the greatest common divisor of 229 and 1670555.
229
Calculate the highest common factor of 7141354 and 946.
946
Calculate the greatest common divisor of 280 and 162820.
140
Calculate the highest common factor of 2695 and 20570.
55
Calculate the highest common divisor of 521050 and 1700.
850
What is the highest common divisor of 15 and 1145945?
5
Calculate the highest common factor of 30 and 421545.
15
Calculate the greatest common divisor of 22345 